5
In base 16, what is 35dba + 10?
35dca
In base 16, what is 12d4423 - 1?
12d4422
In base 11, what is -1 - -2558795?
2558794
In base 2, what is 11010010110110111 - 11011000?
11010010011011111
In base 8, what is 20 + -65064341?
-65064321
In base 15, what is -12ad2 - b2?
-12b94
In base 3, what is -111 + 1120000202200?
1120000202012
In base 7, what is 3 + 1345043410?
1345043413
In base 4, what is 2233321 + 1210?
2301131
In base 4, what is 20 + 210011012?
210011032
In base 4, what is 123000 + -1320120?
-1131120
In base 6, what is -2 + 324254441?
324254435
In base 15, what is -1725b + -57?
-172b3
In base 4, what is -13012323132 + 3?
-13012323123
In base 12, what is 174215b + 2?
1742161
In base 14, what is -41c + -186b?
-1c89
In base 2, what is -10101101010101001100 + 11111?
-10101101010100101101
In base 6, what is 122 + 2544313?
2544435
In base 3, what is -2202 + -10201022221?
-10201102200
In base 16, what is 32 + -1acdfa?
-1acdc8
In base 14, what is -2120410 + 5?
-2120409
In base 8, what is 4 + 570771056?
570771062
In base 3, what is 1110200201120212 + 10?
1110200201120222
In base 9, what is -3 + -142361528?
-142361532
In base 6, what is 13341115 + 242?
13341401
In base 13, what is -1084 + -475?
-1529
In base 5, what is -2 - -404024240?
404024233
In base 15, what is b484d - -2d?
b487b
In base 4, what is -3 + -33003332100?
-33003332103
In base 7, what is -5 - -42311104?
42311066
In base 3, what is 22010020 + 1001222200?
1101002220
In base 6, what is -104514 + -21044?
-130002
In base 8, what is -6 + -144511532?
-144511540
In base 7, what is 233410401 - 5?
233410363
In base 7, what is 261061215 - -3?
261061221
In base 3, what is -1212000010 - 10112122?
-1222112202
In base 12, what is -135 + -12a47b?
-12a5b4
In base 2, what is -110011001101101111 - 100111001?
-110011010010101000
In base 14, what is 5526 - -996b?
11093
In base 14, what is 10 + 5208a9?
5208b9
In base 9, what is 74 + -11771?
-11686
In base 14, what is -6 - -2418579?
2418573
In base 2, what is 100 - 110110101110010000001110?
-110110101110010000001010
In base 11, what is 7189a1a + 17?
7189a36
In base 6, what is -553 - 1515213?
-1520210
In base 6, what is 23 - -2211301213?
2211301240
In base 8, what is 0 - -2265313544?
2265313544
In base 10, what is 5 + 165799652?
165799657
In base 6, what is 31 + -453340431?
-453340400
In base 10, what is 1590 - -184089?
185679
In base 7, what is 10012 - 165330?
-155315
In base 3, what is 1022 - 22012010011?
-22012001212
In base 9, what is 0 - 80277451?
-80277451
In base 7, what is -565512 + -162?
-566004
In base 13, what is 4254 + 5732?
9986
In base 9, what is -352774 - -472?
-352302
In base 4, what is -3 - 301200101100?
-301200101103
In base 13, what is 25746650 - -2?
25746652
In base 3, what is -200 + 110111112102020?
110111112101120
In base 6, what is -13204205033 + 14?
-13204205015
In base 16, what is 3c2862 - -1?
3c2863
In base 13, what is -2b7ca5bb - -8?
-2b7ca5b3
In base 10, what is -2546930 + -3?
-2546933
In base 15, what is 1c0 - -677a?
694a
In base 3, what is -21002000210110 + -2?
-21002000210112
In base 15, what is -c8359 - -309?
-c8050
In base 10, what is 5 - -4268748?
4268753
In base 9, what is 78627235 + -5?
78627230
In base 3, what is 11 - -11212102011201?
11212102011212
In base 3, what is 1002 + -220202011?
-220201002
In base 5, what is -12 + 1240234144?
1240234132
In base 7, what is 411256240 - 0?
411256240
In base 11, what is 4 - -6937590?
6937594
In base 5, what is -230031 + 41344?
-133132
In base 8, what is -10502 - -2470?
-6012
In base 6, what is -125255 - 3424?
-133123
In base 6, what is 225401005 - -33?
225401042
In base 7, what is -3 - -424504025?
424504022
In base 2, what is 100110001001010100 + -1000000?
100110001000010100
In base 6, what is -315410455 + -5?
-315410504
In base 9, what is -22782 + -88?
-22881
In base 5, what is -12130 - 10440?
-23120
In base 10, what is 18 - -51679441?
51679459
In base 14, what is -3740 - -10073?
a733
In base 3, what is -1100022020102 + -202201?
-1100100000010
In base 3, what is -2000210122220 - 2212?
-2000210202202
In base 6, what is 33 - -400343455?
400343532
In base 14, what is 1d20978 - -2?
1d2097a
In base 3, what is -11120000000112000 - -11?
-11120000000111212
In base 2, what is -1101100101111111000 - -110010?
-1101100101111000110
In base 12, what is -13776916 + 1?
-13776915
In base 4, what is -1021110 - -310321?
-110123
In base 11, what is -3 + 74272461?
74272459
In base 9, what is -10117 - 81678?
-101806
In base 16, what is -2c - 6cfd2?
-6cffe
In base 11, what is 12 - -8806599?
8806600
In base 16, what is -6a087a + 5?
-6a0875
In base 14, what is -5 - -1a0bb5b?
1a0bb56
In base 12, what is -13685b5a + -5?
-13685b63
In base 13, what is -716329 - -2?
-716327
In base 15, what is -2c4 - -a256?
9e82
In base 9, what is 25 + 3755146?
3755172
In base 14, what is -64b9a + 2b0?
-648ca
In base 12, what is -55 + 8a126?
8a091
In base 16, what is -1 + 1758154?
1758153
In base 9, what is -45565 - 22627?
-68303
In base 6, what is -5014 + 113144?
104130
In base 2, what is -111111011000101001010 - 10?
-111111011000101001100
In base 10, what is 992570 + 230?
992800
In base 16, what is -40 + -cf6c1?
-cf701
In base 3, what is -10211210000221112 + 2?
-10211210000221110
In base 12, what is -116a2 - -29500?
17a1a
In base 5, what is 2 - -2112433310?
2112433312
In base 10, what is -8853721 + 5?
-8853716
In base 14, what is -6432ac + 2?
-6432aa
In base 16, what is 24e7 - -31f4?
56db
In base 15, what is 0 - 82693b?
-82693b
In base 10, what is 51 + -531018?
-530967
In base 8, what is 1 - -1225205210?
1225205211
In base 15, what is -b + -15d774?
-15d780
In base 12, what is 288a6 + -4279?
24629
In base 14, what is -6 + -928b45?
-928b4b
In base 14, what is -13373 - -3241?
-10132
In base 2, what is -1011101010001010 - 10101011010110?
-1110010101100000
In base 7, what is 1346365 - 50?
1346315
In base 3, what is 2201112121 + 122011?
2202011202
In base 13, what is -2 - 175cc067?
-175cc069
In base 10, what is 84574 + 235?
84809
In base 12, what is 2b15749 - -10?
2b15759
In base 10, what is -15493 - 1398?
-16891
In base 6, what is -1005524042 + -20?
-1005524102
In base 8, what is 7516 + 4225?
13743
In base 5, what is 1402323433 + 2?
1402323440
In base 12, what is 612 + -220b30?
-22051a
In base 11, what is 597a5306 - -8?
597a5313
In base 14, what is -20a80 + 1269?
-1d815
In base 10, what is -261090 + -31?
-261121
In base 15, what is -c28a5 + -5e?
-c2914
In base 3, what is -111 + 101120001110?
101120000222
In base 13, what is b7b522ba + 5?
b7b522c2
In base 6, what is -301414400 + 15?
-301414341
In base 7, what is 310 + -13430145?
-13426535
In base 10, what is -3270988 + -1?
-3270989
In base 16, what is -2b5 - -24712?
2445d
In base 16, what is -58d - -26f3?
2166
In base 5, what is -34242 - 3340134?
-3424431
In base 15, what is -ea7176a + -3?
-ea7176d
In base 9, what is -156 - -348541?
348374
In base 13, what is 18 + 1c6401?
1c6419
In base 8, what is 22206 - -12?
22220
In base 11, what is -2160 + 25889?
23729
In base 6, what is -322524151 - -34?
-322524113
In base 5, what is 113044343123 - 3?
113044343120
In base 16, what is 2 + 4b09709?
4b0970b
In base 15, what is 2 - 3338081?
-333807e
In base 12, what is -23b6 - -6a4?
-1912
In base 10, what is 6940 - -3533?
10473
In base 9, what is 1834 + 10383?
12327
In base 16, what is c + 1afaea?
1afaf6
In base 15, what is -3dc5 + -44bd?
-8393
In base 10, what is -70026 + -4181?
-74207
In base 3, what is -121 - -1221120021012001?
1221120021011110
In base 14, what is -137713a7 + -c?
-137713b5
In base 8, what is -15116 + -222026?
-237144
In base 12, what is a - 1882a1?
-188293
In base 14, what is 1059d9811 + 3?
1059d9814
In base 9, what is 567 + -61374?
-60706
In base 3, what is -2 + -1221220001120?
-1221220001122
In base 9, what is -1802 + 6552?
4650
In base 2, what is -100 - -1100011011011000010010?
1100011011011000001110
In base 14, what is -7ca62 - -8d?
-7c9b3
In base 15, what is -6a - -e41e3?
e4178
In base 16, what is 4 - 10cff95?
-10cff91
In base 9, what is -11311801 - -2?
-11311788
In base 9, what is -278 + -231218?
-231507
In base 11, what is -7910367 + 3?
-7910364
In base 16, what is 5e - -63fb?
6459
In base 7, what is 41 - -4002445?
4002516
In base 12, what is -5398 + -bb92?
-1536a
I